2)/(-2))/(4/(-24)). What are the prime factors of q(j)?
2, 3
Let m = -41 - -68. What are the prime factors of m?
3
Let g = 156 + -55. What are the prime factors of g?
101
Suppose 2*m + 3*m = 160. List the prime factors of m.
2
Suppose 21 + 9 = -5*d. Let o(b) = -2*b - 4*b + 6*b + b + 12. What are the prime factors of o(d)?
2, 3
Let w = 13 - 18. Let q(j) = 2*j**2 + 5*j - 2. Let f be q(w). Suppose 2*i = 3*l + f, -2*i - i + 3*l + 33 = 0. What are the prime factors of i?
2, 5
Suppose -25 = 3*u - 73. Suppose 5*g = -m + u, -4*m + 3 + 1 = 0. List the prime factors of g.
3
Let g be (-82)/(-7) - 4/(-14). Suppose -4*h + 3 = -1. What are the prime factors of (12/h)/(g/8)?
2
Suppose -k + 6*k - 93 = -f, 2*f - 2*k = 126. Suppose 3*o - y + 6*y - f = 0, 3*o - 40 = 2*y. List the prime factors of o.
2
Let v be (-34)/(-9) - (-4)/18. Let l(m) = -7*m**2 - m + 3. Let s(f) = -f**2 + 1. Let k(q) = v*s(q) - l(q). What are the prime factors of k(-2)?
11
Suppose 0 = i + 5*y - 5, 4*i - 3*y = -7*y + 20. Suppose 60 = i*r + 3*p + 2*p, 0 = -3*r - 2*p + 40. List the prime factors of r.
2
Suppose -2*o + 69 - 7 = 0. What are the prime factors of o?
31
Let g = -7 - -10. Suppose 0 = -5*z + g*u - u + 10, 2*z + 2*u = 18. List the prime factors of z.
2
List the prime factors of -1 + -2 + 63/3.
2, 3
Let l be ((-7)/5 + (-14)/(-35))*13. Let z(x) = -x**2 - 5*x. Let m be z(-5). What are the prime factors of (m - (l + 1))*1?
2, 3
Let m(j) = 4*j - 3. Let k(x) = -x**3 - 3*x**2 + 4*x + 2. Let a be k(-4). What are the prime factors of m(a)?
5
Suppose 5*q - 210 = -5*q. List the prime factors of q.
3, 7
Suppose -d = 3*r - 157, 2*r + r - 3*d = 165. What are the prime factors of r?
53
Suppose -5*a = 4*u + 164, 0*a = -5*a. What are the prime factors of u/(-5) - (-2)/(-10)?
2
Let m(c) be the first derivative of -c**4/4 - 5*c**3 - 8*c**2 + 7*c + 7. List the prime factors of m(-14).
5, 7
Suppose 6*b = -90 + 1650. List the prime factors of b.
2, 5, 13
Suppose 5*h + 5*r = 25, -6 = -4*h - 3*r + 12. What are the prime factors of (-6)/2 - (-48)/h?
13
Let l(b) = 28*b**2 - 3*b + b + 0*b + b. List the prime factors of l(-1).
29
Suppose 2*q - 15 = -q, -5*b + 35 = -5*q. Let g = 12 - 8. Suppose b = g*i - 3*i. List the prime factors of i.
2, 3
Let g(i) be the third derivative of i**5/60 - i**4/4 + 3*i**3/2 + 3*i**2. Let o be 32/6 + 4/6. List the prime factors of g(o).
3
Let w(p) = p**3 + 8*p**2 + 6*p - 5. Let a be w(-7). Let d = a - 1. Suppose -m + 10 = d. What are the prime factors of m?
3
Let c(x) = -3*x + 4. Let o be c(-10). Suppose -o = -4*u + 110. List the prime factors of u.
2, 3
Let n = -7 - -8. Let h(b) = n + 7*b - b**2 - 2 - 4 + 2. List the prime factors of h(6).
3
Suppose 0 = -3*f - 4*d + 499, -7*f + 2*f - 4*d = -821. What are the prime factors of f?
7, 23
Suppose -302 - 8 = -5*f. What are the prime factors of f?
2, 31
Let u be 3/(-6) + 18/(-4). Let j(x) = -x**2 - 8*x - 7. What are the prime factors of j(u)?
2
Suppose -4*a - x + 180 = 0, -3*a + 48 = -4*x - 68. Suppose -5*p + 71 = -a. List the prime factors of p.
23
Let o = -5 - -10. Suppose -w - 44 = -o*w. What are the prime factors of w?
11
Suppose -4 = 2*g - 2. Let i(p) = -p + 1. Let k be i(g). Suppose 3*c + v - 21 = 3*v, 0 = -k*c + 5*v + 25. List the prime factors of c.
5
Let n(d) = d**2 - 2*d + 1. Let o be n(1). Let x be (-17 + o)/((-1)/4). Suppose 80 = 5*j + 5*k, -k = -4*j - 6*k + x. List the prime factors of j.
2, 3
Suppose -5*n + 18 + 2 = 0. Let i(d) = -d**3 - 3*d**2 + 3*d + 1. Let y be i(-4). Suppose n*f = 29 - y. List the prime factors of f.
2, 3
Let h(m) = -m - 7. Let f be h(-6). Let y(s) = -39*s**3 + 2*s**2 + s. What are the prime factors of y(f)?
2, 5
Suppose 2*f - 8 = 4*f, -3*l + 5*f = -29. Suppose z = l*z - 34. List the prime factors of z.
17
Let o(p) = -p + 0*p**3 + 3*p**2 + 3*p**3 + 0*p**2 + 0*p**2 - 2. Let x be o(2). Suppose -2 = 5*n - x. What are the prime factors of n?
2, 3
Let h(r) = 23*r. List the prime factors of h(10).
2, 5, 23
Suppose 4*t - 14 = q, -5*t = 2*q - 4*q - 16. Suppose s = -2*f - q*s + 11, 22 = 3*f - s. Let g(m) = 2*m. What are the prime factors of g(f)?
2, 7
Suppose 9*g - 4*g - 348 = -2*t, -t = -4*g - 161. What are the prime factors of t?
13
Let a be 6/(-8) - 175/(-20). Let u = a - 5. What are the prime factors of u?
3
Let z(n) = 2*n + 4. List the prime factors of z(6).
2
Let o(d) = -d**3 + 9*d**2 - 11*d - 8. List the prime factors of o(7).
13
Let q = 22 - 12. Suppose 0*a = 4*w - a - 30, 5*a - q = 0. What are the prime factors of w?
2
Let p = 70 + 16. Suppose -k = k - p. What are the prime factors of k?
43
Let p = 254 - 126. List the prime factors of p.
2
Let q(u) = 12*u - 39. What are the prime factors of q(16)?
3, 17
Let g(n) = n**2 - 6*n + 2. Let h be (-12)/3*1*-2. List the prime factors of g(h).
2, 3
Suppose -4*u + 2*c = -382, -u + 4*u + 2*c - 290 = 0. List the prime factors of u.
2, 3
Let g = 1 - 1. Suppose g = 5*v - 8 - 22. What are the prime factors of v?
2, 3
Let u(s) = 7*s**3 + s**2 - 2*s - 6. List the prime factors of u(3).
2, 3, 31
Let q(u) = 2*u + 1. Let j be q(-3). Let a be (-2 - -7)*(-4)/j. Let w(t) = 2*t**2 - 6*t + 4. What are the prime factors of w(a)?
2, 3
Suppose 0 = -2*y - 34 - 16. Let g = 49 + y. What are the prime factors of g?
2, 3
Let v = -95 + 109. What are the prime factors of v?
2, 7
Suppose 4*j + 4*j = 720. What are the prime factors of j?
2, 3, 5
Let u be (2/5)/(2/(-30)). Let c(w) = -2 - 6*w**2 - 2 + 5*w**2 - 7*w. What are the prime factors of c(u)?
2
Suppose y + 4 = 3*y. Suppose -19 = -2*v + c, -y*v + 29 = c - 4*c. List the prime factors of v.
7
Let h be (4 - 0)*(2 - 3). Suppose 3*f - 18 = 5*s - 0, 9 = -4*s - 3*f. What are the prime factors of ((-18)/h)/(s/(-6))?
3
List the prime factors of (-1488)/(-10) - 1 - 2/(-10).
2, 37
Let w(i) = -3*i**2 + 2. Let f be w(2). Let p = 20 + f. List the prime factors of p.
2, 5
Suppose -2*y = -2*r + 22, 3*r - 5 - 4 = -5*y. List the prime factors of r.
2
Let d = 7 + -6. Let h = 4 + d. Suppose -3*o + 48 = 4*k - h, 3*k - 59 = -4*o. What are the prime factors of o?
11
Let m(i) = -5*i**3 + 2*i + 1. Let q be m(-1). Suppose q*h - 15 = 5. What are the prime factors of h?
5
Let a = 6 + -6. Suppose -2*r - 8 = -a*r, -5*k - 2*r = -22. Suppose -w + k = -9. What are the prime factors of w?
3, 5
Let a be 0 - (-2)/(-1) - 0. Let o = -4 + 18. Let x = a + o. List the prime factors of x.
2, 3
Let v = -525 - -762. What are the prime factors of v?
3, 79
Suppose 5*f - 176 = -16. Suppose -3*n + f = 5*z, -5*z - n = -5*n - 4. Suppose -z = -u - 2. What are the prime factors of u?
2
Let q be (-2)/9 + (-978)/(-27). Let s be 2 - 1/((-3)/q). Suppose n - s = t, -1 = -5*n - 2*t + 55. What are the prime factors of n?
2, 3
Let k(j) = 6*j. List the prime factors of k(6).
2, 3
Suppose -5*s - 6*o = -o - 985, -o - 1 = 0. What are the prime factors of s?
2, 3, 11
Suppose 0 = h - 1 - 4. Let r be (1/(-2))/(h/(-290)). Suppose 0 = -3*t + 9, 5*a + 1 = -t + r. List the prime factors of a.
5
Let x = -11 - -24. List the prime factors of x.
13
Suppose 27 = 4*h - h. Suppose -1 + 4 = 3*o - d, 0 = 4*d + 12. Suppose 5*v - 4*v - h = o. What are the prime factors of v?
3
Let i(r) = 4*r - 4. Suppose -5*j + 4*n + 83 = 0, 0*j - 3*n = 2*j - 47. Suppose -5*v + 6 = -j. What are the prime factors of i(v)?
2
List the prime factors of 2/(-3)*3/2*-405.
3, 5
Let g(u) = -u + 6. Let z be g(5). Suppose 2*x = 3*x + z. List the prime factors of 2 + -1 + x + 2.
2
Suppose 0 = -t - 2*t - 6. Let w(z) be the second derivative of z**4/3 + z**3/6 + z**2/2 + z. List the prime factors of w(t).
3, 5
Suppose -3*q + 15 = 0, 0 = 3*n - 3*q + 8*q - 55. Let k(y) = y - 1. Let z(g) = g - 6. Let p(t) = k(t) + z(t). What are the prime factors of p(n)?
13
Let f be 25*((1 - 0) + 1). Suppose -3*o - f = 2*o. List the prime factors of (0 + o)*3/(-6).
5
Let i(x) be the third derivative of x**4/24 + x**3/2 - x**2. Suppose -4*k + a = -14, k + 0*a = 5*a - 6. List the prime factors of i(k).
7
Suppose -4 = -5*n + 4*n. Suppose 12 = a + n. What are the prime factors of a?
2
Suppose 5*u - 4*p = -p + 58, 5*p + 5 = 0. Suppose b = 2*r + 4*b - u, 2*b - 4 = -r. Let w = r + -7. What are the prime factors of w?
3
List the prime factors of (-1)/(-9) + (-15756)/(-108).
2, 73
Suppose 4*j = -3*q + 62, -2*j - 4*q + 38 = 12. Suppose 4*l + 0*b = 5*b, 0 = l + 3*b - j. 